on factor of 1057532 and 3759?
1253
What is the highest common factor of 4958 and 723600?
134
Calculate the greatest common divisor of 15459377 and 333.
37
Calculate the highest common factor of 273 and 6939051.
21
Calculate the greatest common factor of 10960 and 10613116.
548
Calculate the greatest common factor of 9072128 and 4524.
1508
Calculate the highest common divisor of 269625 and 78285.
15
What is the greatest common factor of 2009665 and 245?
35
Calculate the greatest common divisor of 160 and 32597380.
20
What is the highest common divisor of 2146 and 706662778?
2146
What is the highest common factor of 3131 and 438042555?
3131
What is the greatest common factor of 23718 and 33881163?
11859
What is the highest common divisor of 12169180 and 160?
20
Calculate the highest common factor of 710517 and 61125.
489
Calculate the highest common divisor of 62886104 and 217.
31
What is the greatest common divisor of 4070925 and 172050?
2775
Calculate the highest common divisor of 59156924 and 16.
4
What is the highest common factor of 57385 and 64400?
115
Calculate the highest common factor of 3 and 419311149.
3
Calculate the highest common factor of 320 and 4152475.
5
Calculate the highest common factor of 56916 and 15291.
9
Calculate the highest common factor of 73875 and 36248.
197
Calculate the greatest common divisor of 27828 and 6032492.
3092
Calculate the highest common divisor of 629220 and 80.
20
Calculate the highest common divisor of 28468072 and 16.
8
What is the highest common factor of 1374964 and 8942?
526
What is the highest common factor of 2085 and 50595?
15
What is the highest common divisor of 53953 and 14564?
331
Calculate the highest common factor of 22308 and 1938.
6
What is the greatest common factor of 8603390 and 760?
190
Calculate the greatest common factor of 66817356 and 348.
12
Calculate the greatest common divisor of 29 and 558088.
1
What is the highest common factor of 10262 and 64212266?
1466
Calculate the highest common divisor of 473 and 2359370827.
473
What is the highest common factor of 180 and 42968868?
12
Calculate the highest common divisor of 4928035 and 4101.
1367
Calculate the highest common factor of 98098 and 373464.
182
What is the highest common divisor of 858 and 10386662?
286
What is the greatest common factor of 3131 and 146413?
31
What is the greatest common factor of 6679092 and 92316?
588
What is the greatest common divisor of 10244 and 309965316?
788
What is the highest common factor of 2590 and 8624630?
70
What is the greatest common divisor of 8771433 and 22451?
1727
Calculate the greatest common divisor of 19807736 and 283.
283
Calculate the highest common divisor of 5110511 and 548.
137
What is the greatest common divisor of 3296 and 2442439?
103
Calculate the greatest common factor of 945687 and 1880.
47
What is the highest common factor of 462184947 and 81?
81
What is the highest common divisor of 18422960 and 501832?
3368
Calculate the highest common factor of 4683 and 11623101.
21
What is the greatest common divisor of 5265 and 106708095?
585
Calculate the highest common factor of 2214 and 6594768.
738
Calculate the greatest common factor of 101 and 136961.
1
Calculate the highest common factor of 9075 and 1084805535.
1815
What is the highest common factor of 128 and 611568752?
16
What is the highest common divisor of 2394767 and 214?
107
Calculate the highest common factor of 310 and 814160.
10
What is the highest common divisor of 2494 and 4508717?
29
What is the highest common divisor of 92828 and 161?
23
Calculate the greatest common divisor of 2936208 and 563068.
2948
Calculate the highest common factor of 3957629 and 65.
13
Calculate the greatest common divisor of 195905 and 1565.
5
Calculate the greatest common divisor of 20675 and 51417071.
827
Calculate the highest common divisor of 29078025 and 175.
25
What is the greatest common factor of 120280 and 6112552?
776
Calculate the greatest common divisor of 10616598 and 4.
2
Calculate the greatest common divisor of 64629 and 50223914.
7181
What is the greatest common divisor of 193 and 133262254?
193
What is the greatest common divisor of 50 and 514374550?
50
What is the highest common divisor of 6 and 2158850?
2
Calculate the greatest common factor of 116 and 7252876.
4
What is the greatest common factor of 354843 and 590076?
3987
Calculate the greatest common factor of 93176772 and 312.
156
Calculate the greatest common divisor of 108881697 and 1266.
633
What is the greatest common divisor of 4640 and 1305120?
160
Calculate the highest common divisor of 273603624 and 336.
168
Calculate the highest common divisor of 8363821 and 15.
1
Calculate the greatest common factor of 2376796 and 29252.
284
What is the highest common factor of 3260 and 42102085?
815
What is the greatest common factor of 543 and 31912653?
543
What is the highest common divisor of 362965 and 93515?
1585
Calculate the highest common factor of 2965097 and 1.
1
Calculate the highest common factor of 1262739 and 241629.
1011
What is the highest common divisor of 1660 and 294190180?
1660
What is the greatest common divisor of 8745 and 426604420?
2915
What is the greatest common factor of 58070360 and 40?
40
What is the greatest common divisor of 25434 and 5795184?
942
What is the highest common factor of 670967 and 63712?
1991
Calculate the greatest common divisor of 16549 and 256187431.
1273
What is the greatest common divisor of 885766 and 906?
302
Calculate the highest common divisor of 246280 and 83185.
655
Calculate the greatest common factor of 26784 and 460637928.
6696
What is the highest common factor of 35866640 and 10340?
940
Calculate the greatest common factor of 904305960 and 620.
620
Calculate the highest common divisor of 1589015 and 10547.
199
What is the highest common factor of 488 and 16054956?
244
What is the greatest common factor of 1393995 and 191040?
2985
What is the highest common divisor of 1246975 and 30571?
1609
What is the greatest common divisor of 33918872 and 312?
104
Calculate the highest common factor of 78487149 and 2535.
507
What is the greatest common divisor of 38341336 and 22?
22
What is the highest common divisor of 3933 and 21261?
57
Calculate the highest common factor of 430617 and 1980.
33
Calculate the highest common divisor of 42761800 and 56.
8
What is the highest common factor of 12607 and 6168425?
1801
What is the greatest common divisor of 399 and 2821500?
57
What is the highest common factor of 179 and 77148821?
179
Calculate the greatest common divisor of 2875392 and 3210948.
1404
Calculate the greatest common factor of 6460 and 24196610.
170
Calculate the greatest common factor of 12 and 26448783.
3
What is the greatest common factor of 39 and 1215643?
13
Calculate the highest common factor of 2119 and 4580137.
163
Calculate the greatest common factor of 968 and 17801520.
968
Calculate the highest common divisor of 354304202 and 98.
98
Calculate the greatest common divisor of 14395948 and 406.
406
Calculate the highest common divisor of 725 and 602410.
5
What is the greatest common factor of 2093286 and 4966?
26
What is the highest common factor of 38637648 and 2224?
16
What is the highest common divisor of 37334 and 187?
11
What is the greatest common factor of 1886 and 699836134?
1886
What is the greatest common factor of 2142782 and 42693?
2033
Calculate the highest common divisor of 16 and 135695528.
8
What is the highest common divisor of 52437605 and 21675?
1445
Calculate the greatest common divisor of 197659 and 65685.
151
What is the highest common divisor of 5219 and 42970176?
307
What is the greatest common factor of 176 and 927493072?
176
What is the greatest common factor of 55275 and 43680?
15
What is the greatest common divisor of 150207 and 159?
3
What is the greatest common divisor of 77036426 and 310?
62
Calculate the highest common factor of 148803356 and 312.
52
What is the greatest common divisor of 29 and 478706219?
29
What is the greatest common divisor of 66935 and 440?
55
Calculate the highest common divisor of 314 and 155741645.
157
Calculate the greatest common divisor of 295586 and 14.
2
Calculate the greatest common factor of 847303975 and 75.
25
Calculate the highest common